) = -m + 2. Calculate o(-6).
8
Let a(w) = -w**3 - 34*w**2 - 2*w - 73. What is a(-34)?
-5
Let o(c) = 7*c**3 + 2*c**2 + c. Calculate o(-1).
-6
Let x(s) = -s**3 + 5*s**2 + 2*s + 5. Give x(6).
-19
Let w(h) = -3*h. Give w(-4).
12
Let v(w) = 2*w**2 + 8*w + 8. Calculate v(-4).
8
Let h(b) = -b**3 + 6*b**2 + 10*b - 15. Give h(7).
6
Let q(r) = r + 3. Give q(2).
5
Let p(b) = b**2 - b - 26. Give p(-4).
-6
Let c(b) = -9*b**2 - 2*b + 2. What is c(1)?
-9
Let u(i) = i**2 + 10*i - 10. What is u(-11)?
1
Let b(o) = 14*o + 212. Determine b(-17).
-26
Let m(t) = t**3 + 14*t**2 + 17*t + 19. What is m(-13)?
-33
Let y(n) = -2*n**3 + 4*n**2 - 5*n + 5. Determine y(2).
-5
Let c(l) = -l**2 - 5*l + 124. Give c(-14).
-2
Let c(z) = -z**2 + 11*z + 12. Calculate c(11).
12
Let s(y) = y**2 + 10*y - 16. Calculate s(-10).
-16
Let f(o) = -2*o + 18. Give f(16).
-14
Let s(j) = -6*j - 1. Determine s(-3).
17
Let u(g) = -3*g**2 - 3*g + 3. Give u(-5).
-57
Let d(w) = -w**3 - 6*w**2 + 17*w + 5. Calculate d(-8).
-3
Let s(j) = 2*j**3 + 37*j**2 + 17*j - 18. Give s(-18).
0
Let i(x) = 3*x**2 - 11*x + 39. Give i(4).
43
Let s(w) = -2*w**2 + 15*w + 18. Give s(9).
-9
Let v(h) = h**2 - 24*h + 67. Give v(19).
-28
Let r(q) = 12*q - 21. Determine r(0).
-21
Let j(v) = -v + 17. Calculate j(18).
-1
Let i(p) = p**2 - 13*p + 35. Determine i(7).
-7
Let w(t) = -t**3 + 6*t**2 - 7*t + 10. Give w(5).
0
Let m(a) = a**2 + 48*a - 784. What is m(13)?
9
Let v(h) = h**3 + 12*h**2 - 10. Calculate v(-12).
-10
Let t(k) = -k - 10. Give t(-15).
5
Let b(d) = d**2 + 7*d + 11. What is b(-6)?
5
Let o(s) = -s**2 - 20*s + 159. What is o(-26)?
3
Let b(f) = -f**2 + 23*f + 69. Determine b(26).
-9
Let x(o) = 2*o**2 + 18*o + 27. Determine x(-13).
131
Let d(v) = -v + 4. Determine d(-3).
7
Let l(a) = a**2 - 3*a + 5. Give l(3).
5
Let s(y) = -5*y - 11. Calculate s(-5).
14
Let d(m) = -3*m - 60. Give d(-21).
3
Let q(s) = s**3 - 8*s**2 + 11*s - 4. Give q(6).
-10
Let o(u) = -u**2 + 11*u + 8. Calculate o(6).
38
Let n(i) = -i**2 + 6*i - 3. Calculate n(4).
5
Let f(o) = -3*o - 20. Determine f(5).
-35
Let o(p) = -3*p**2 + 13. Give o(-3).
-14
Let a(b) = b**2 + 3*b. Calculate a(4).
28
Let c(x) = x + 8. Calculate c(6).
14
Let h(g) = 2*g + 20. Give h(2).
24
Let n(z) = -2*z**3 + 6*z**2 + 6*z + 4. Give n(4).
-4
Let i(q) = -q**3 - 10*q**2 + 25*q + 6. Calculate i(-12).
-6
Let r(v) = -13*v + 16. What is r(5)?
-49
Let i(k) = k**3 + 2*k**2 + k + 1. Give i(-3).
-11
Let b(g) = -3*g + 2. Determine b(-1).
5
Let k(f) = 2*f**2 + 13*f - 10. Calculate k(-5).
-25
Let w(s) = -s**2 + s + 1. Calculate w(2).
-1
Let b(n) = n**2 - 13*n + 36. What is b(6)?
-6
Let p(m) = -m**3 - 7*m**2 - 7*m + 4. Determine p(-6).
10
Let n(p) = 2*p - 14. Determine n(7).
0
Let x(h) = -h**2 + 17*h - 14. Give x(14).
28
Let g(x) = x**2 - 7*x - 296. What is g(21)?
-2
Let a(k) = -k**3 - 3*k**2 + 6*k + 3. What is a(-4)?
-5
Let s(o) = -6*o - 43. Determine s(-8).
5
Let u(i) = i**2 - 9*i + 19. What is u(4)?
-1
Let m(l) = -37*l**2 + 3*l - 4. What is m(1)?
-38
Let n(z) = -5*z - 56. What is n(-6)?
-26
Let v(f) = -5*f + 2. Give v(3).
-13
Let v(t) = -17*t - 175. What is v(-11)?
12
Let w(t) = -t - 17. Give w(-11).
-6
Let u(y) = -y**2 - 9*y + 1. What is u(-6)?
19
Let z(j) = -j**3 + j**2 + j - 8. What is z(0)?
-8
Let w(d) = d**3 - 15*d**2 - 33*d - 11. Give w(17).
6
Let u(f) = f**2 - 24*f + 58. Determine u(21).
-5
Let d(r) = 13*r - 21. Give d(2).
5
Let u(m) = -m**2 - 4*m + 66. Calculate u(7).
-11
Let r(p) = 6*p - 44. Determine r(7).
-2
Let l(y) = y**2 - 27*y - 4. What is l(27)?
-4
Let t(x) = -x**2 - 2*x + 9. What is t(6)?
-39
Let j(p) = -p**2 + 12*p + 6. Calculate j(-6).
-102
Let h(o) = o**2 - 11*o - 1. Determine h(12).
11
Let s(a) = 3*a**2 + 20*a - 8. Give s(-8).
24
Let c(z) = -z**2 + 8. Determine c(-3).
-1
Let n(z) = z**3 + 4*z**2 - 4*z - 3. Determine n(-5).
-8
Let q(a) = -a**2 - 10*a + 12. Determine q(-9).
21
Let w(v) = 2*v**2 + 10*v + 6. Determine w(-6).
18
Let t(r) = -r**2 - 24*r - 51. Give t(-22).
-7
Let f(v) = v**3 + 5*v**2 - 12*v + 9. Determine f(-7).
-5
Let t(z) = 2*z + 18. Determine t(-8).
2
Let n(s) = -23*s + 50. What is n(2)?
4
Let z(b) = -b**2 + 114*b - 1040. Calculate z(10).
0
Let b(x) = -x + 8. Determine b(12).
-4
Let c(d) = 2*d**2 - 18. Calculate c(-5).
32
Let h(l) = l**2 - 4*l - 7. Determine h(4).
-7
Let w(o) = 68*o - 198. Give w(3).
6
Let j(a) = -a - 7. Calculate j(-3).
-4
Let m(c) = c**3 + 5*c**2 + 3*c - 5. Determine m(-4).
-1
Let v(o) = o**2 + 14*o + 43. Determine v(-10).
3
Let q(d) = -d**2 + 9*d - 3. Determine q(11).
-25
Let k(l) = l**2 + 10*l - 21. What is k(7)?
98
Let y(f) = -f**2 - 8*f - 16. Calculate y(-3).
-1
Let d(z) = z**3 + 3*z**2 - 23*z - 14. Determine d(-6).
16
Let g(l) = l**3 + 12*l**2 - 12*l - 12. What is g(-13)?
-25
Let s(m) = -7*m. Give s(-5).
35
Let a(d) = d**2 + d + 2. Calculate a(2).
8
Let y(a) = 3*a**2 + 73*a + 49. Calculate y(-24).
25
Let p(r) = -25*r - 47. Give p(-2).
3
Let m(x) = 22*x - 1. Determine m(1).
21
Let a(f) = f**3 - 9*f**2 + 6*f - 57. What is a(9)?
-3
Let x(h) = -15*h + 175. What is x(12)?
-5
Let g(w) = 4*w - 14. Calculate g(7).
14
Let m(z) = z**2 + 10*z - 131. Give m(-18).
13
Let p(q) = 4*q**2 - 11*q + 3. Determine p(3).
6
Let l(y) = y**3 + 18*y**2 + 46*y + 17. What is l(-15)?
2
Let v(g) = g**2 - 2*g - 20. Give v(6).
4
Let a(j) = j**3 - 8*j**2 + 5*j - 2. Determine a(7).
-16
Let d(i) = -72*i. What is d(1)?
-72
Let z(n) = 4*n + 2. What is z(-5)?
-18
Let z(w) = -2*w**2 - 21*w - 11. What is z(-10)?
-1
Let w(s) = -7*s. Give w(7).
-49
Let o(k) = k**3 - 7*k**2 + 3*k - 8. What is o(7)?
13
Let o(i) = 2*i**2 + 65*i + 87. Give o(-31).
-6
Let j(p) = -p**2 - 5*p + 5. Give j(-9).
-31
Let p(d) = -d**2 - 19*d - 45. What is p(-16)?
3
Let y(k) = -4*k - 37. Give y(-11).
7
Let r(x) = -4*x + 2. Give r(-5).
22
Let s(r) = -17*r + 36. Determine s(2).
2
Let a(j) = -3*j + 35. Determine a(12).
-1
Let v(i) = 3*i - 22. What is v(8)?
2
Let i(o) = -o**2 - 8*o - 5. Calculate i(-9).
-14
Let a(w) = -2*w**2 - 2*w + 4. Give a(-3).
-8
Let j(d) = 8*d - 8. Determine j(0).
-8
Let w(g) = 11*g - 49. Determine w(14).
105
Let q(p) = -p**2 + 4*p - 5. What is q(4)?
-5
Let x(v) = -v**3 - 10*v**2 - 8*v + 5. Calculate x(-9).
-4
Let m(u) = u**2 - 11*u - 7. What is m(9)?
-25
Let q(b) = -b**2 + 2*b + 5. What is q(-4)?
-19
Let x(g) = g**3 + 20*g**2 + 51*g - 24. Give x(-17).
-24
Let u(x) = x**3 - 13*x**2 - 2*x + 5. Determine u(13).
-21
Let g(n) = n**3 - 32*n**2 + 58*n + 72. Give g(30).
12
Let d(c) = 20*c - 5. Determine d(2).
35
Let y(v) = v**2 + 19*v + 29. What is y(-16)?
-19
Let l(p) = 19*p - 149. Calculate l(8).
3
Let h(x) = -x**2 + 11*x - 7. Calculate h(3).
17
Let i(l) = 7*l - 3. What is i(-4)?
-31
Let h(u) = -u**3 + 12*u**2 - 14*u + 7. Give h(10).
67
Let l(x) = x**3 - 7*x**2 + 6*x + 3. Calculate l(6).
3
Let m(k) = -k**2 - 3*k - 3. Give m(-2).
-1
Let v(f) = -3*f - 14. Give v(-6).
4
Let n(r) = r**3 - 9*r**2 + 17*r - 4. Calculate n(8).
68
Let y(o) = -o**3 - 3*o**2 + 6*o + 6. Calculate y(-3).
-12
Let y(i) = i**3 - 13*i**2 + 11*i + 13. What is y(12)?
1
Let o(a) = a**3 + 10*a**2 - a - 2. Calculate o(-10).
8
Let x(k) = -4*k**2 + 7*k + 9. Give x(4).
-27
Let x(b) = -b**3 - 11*b**2 + 5*b - 89. Determine x(-12).
-5
Let h(a) = a**3 - 18*a**2 - 46*a - 10. Give h(-2).
2
Let r(s) = -2*s**3 + 4*s**2 - 8. Calculate r(2).
-8
Let t(w) = w**3 - 9*w**2 - w + 18. What is t(9)?
9
Let u(v) = -3*v**2 + 47*v + 20. Calculate u(16).
4
Let n(h) = 15*h + 5. What is n(-10)?
-145
Let s(a) = -a**3 + 3*a**2 - 2*a + 16. Determine s(4).
-8
Let l(q) = -q**3 - 1. Determine l(3).
-28
Let l(r) = r**2 - 6*r - 27. Determine l(-4).
13
Let u(d) = -5*d**3 - 3*d**2 + 5*d - 3. What is u(2)?
-45
Let a(r) = 21*r + 26. Determine a(-5).
-79
Let o(j) = -j**3 - 14*j**2 - 13*j - 5. What is o(-13)?
-5
Let k(s) = 3*s - 49. What is k(15)?
-4
Let w(f) = -f**2 + 2*f + 7. Calculate w(7).
-28
Let g(i) = -2*i + 2. What is g(-8)?
18
Let g(j) = -j**3 + 6*j**2 + 22*j - 135. Calculate g(6).
-3
Let b(i) = -2*i - 15. What is b(0)?
-15
Let r(h) = -13*h - 20. What is r(4)?
-72
Let h(y) = -5*y**2 + 20*y + 24. Calculate h(5).
-1
Let s(x) = x**2 - 5*x - 28. Calculate s(6).
-22
Let b(p) = -3*p**3 + 2*p**2 + 3*p - 5. Determine b(2).
-15
Let g(k) = k**2 + 11*k - 33. What is g(-14)?
9
Let n(r) = r**3 + 10*r**2 - 10*r + 12. Calculate n(-11).
1
Let v(h) = -h**2 - 7*h + 2. What is